g(s) a composite number?
False
Let i = 1375 - 504. Suppose -100 + i = 3*l. Is l composite?
False
Let y(o) = o**3 + 10*o**2 - 11*o - 1. Let n be y(-11). Let p be n/6 - (-62)/12. Suppose -2*r + w - 220 = -624, -p*r + 1001 = 2*w. Is r a prime number?
False
Let p(d) = 15*d**3 - 3*d**2 - 3*d + 4. Let r = 116 + -113. Is p(r) a composite number?
False
Let o = -37778 - -81717. Is o composite?
True
Suppose 2 = -2*u - 0*u. Let n = -3 - u. Is n*2/(4/(-209)) a prime number?
False
Let c be (6/5)/(5/(-25)). Let x be c/21 - (-6564)/(-7). Let d = 1647 + x. Is d composite?
False
Let k = 1064 + 267. Let x = 2238 - k. Is x composite?
False
Suppose 440 = 9*w - 8*w. Suppose 0 = -3*k - 2*p + 9, -6*k + 3*p = -4*k - 19. Suppose -k*o + 2*o + 5*v + w = 0, 4*o = 2*v + 582. Is o prime?
False
Let g = 0 + 1. Let o(w) be the second derivative of 5*w**3/6 + w**2 + 2*w. Is o(g) composite?
False
Suppose -2*i + 3 + 2 = x, 0 = -2*i + 5*x + 11. Suppose -9*r + 3152 = -4*r - i*k, r - 633 = -2*k. Is r composite?
False
Suppose 4*k + 812 = 2*z - 0*k, -5*z + 2054 = -4*k. Suppose -2*t + 91 = 389. Let l = t + z. Is l a composite number?
True
Let t = -37 + 116. Is t a prime number?
True
Let q = 3 + 20. Suppose -3*v - v + 16 = c, 0 = 5*v + 2*c - q. Is v*(0/4 - -43) a composite number?
True
Suppose 0*g = 3*h - g - 997, -2*h - g + 673 = 0. Suppose -3*n + 4*f + h = 0, 4*n + 2*f - 444 = 7*f. Let t = n - -213. Is t a prime number?
False
Let h = 17 - -6026. Is h a prime number?
True
Let s(w) = -74*w + 19. Let r be (8 - 8) + 3 + -1. Suppose r = -a - 10. Is s(a) prime?
True
Let u = 75760 - -3373. Is u a composite number?
False
Suppose 4*a - 5*s + 30 = 0, 2*s + 14 + 7 = -5*a. Let u(f) = -299*f - 17. Is u(a) a composite number?
True
Suppose 18*q + 12*q = 72870. Is q a prime number?
False
Suppose -2*h = 3*a - 7*h - 11, 3*h = -3. Suppose -a*x + 6*x - 8 = 0. Suppose -2*g + 120 = x*f, 6*f - 4*g = 3*f + 215. Is f a prime number?
False
Let p(f) = -11*f**3 - 19*f + 0 + 5 + 14*f. Is p(-3) composite?
False
Let z be ((-4)/6)/((-2)/(-9)). Let t be z/21 + (-8010)/(-14). Suppose t + 1104 = 4*p. Is p composite?
False
Let l = -400 + 819. Is l composite?
False
Let l be -1 + 13 + (1 - -4 - 5). Suppose 8*o + 4348 = l*o. Is o composite?
False
Let n(o) = 10372*o**3 - 5*o**2 + 5*o - 1. Is n(1) composite?
True
Suppose 0 = 4*b - 54997 - 166951. Is b a prime number?
True
Let s = -2694 - -4931. Is s a prime number?
True
Suppose -57903 = -13*h + 221168. Is h composite?
False
Let c(n) = -1 - 28*n + 162*n - 7*n + 116*n. Is c(2) a composite number?
True
Let f(z) = -243*z + 3. Let j be f(-2). Let t = -158 + j. Is t prime?
True
Suppose 985 = 26*g - 84061. Is g prime?
True
Let a(q) = 3*q + 9. Let z be a(-4). Is 1 + (-4)/z*18441/18 prime?
True
Let a(q) = -28*q**3 + 4*q**2 - q + 103. Is a(-10) a prime number?
True
Suppose -w + 4*t = -7124, -3*t = t + 4. Let r = w + -4439. Is r prime?
False
Suppose -14 - 19 = -3*x. Suppose y = -y - 5*w + x, -5*y + w = 13. Is 796/y*24/(-48) a composite number?
False
Let k = -19 - -79. Suppose -3*y + 3*v = -162, 2*v - k + 333 = 5*y. Is y prime?
False
Let j(a) = 3*a**3 - 4*a**2 - 6*a + 2. Let p be ((2 + -8)/(-1))/2. Let x(d) = d**3 + d - 1. Let k(b) = p*x(b) + j(b). Is k(4) composite?
False
Let m(n) = 2*n**2 - 4*n + 3. Let s be m(2). Suppose -313 + 1756 = s*x. Is x composite?
True
Suppose -2*d + 911 = -3563. Let k = d - 994. Is k a composite number?
True
Suppose -1767 = -12*b + 11*b. Is (-4)/10*-5 - b*-1 composite?
True
Suppose p + 408 = -f + 145, 5*f + 517 = -2*p. Is p/(-21)*6/4 a prime number?
True
Let p(n) = -n**3 - 2*n**2 + n - 2. Let k be -3 - (1 - (-3 + 4)). Let c be p(k). Suppose -3*x - 179 = -8*x - c*d, 3*x - 2*d - 125 = 0. Is x prime?
False
Let s(h) be the first derivative of -h**6/360 - 7*h**5/40 + 19*h**4/24 - 13*h**3/3 + 8. Let a(r) be the third derivative of s(r). Is a(-17) composite?
True
Let t be (-64)/(-14) - (-33)/77. Suppose t*h = -0*w - 4*w + 15, -2*h = -4*w - 6. Let y(j) = j**2 - j + 95. Is y(w) composite?
True
Suppose -4057 = -18*w - 637. Let x(o) = -o**3 - 2*o + 4. Let l be x(3). Let g = w + l. Is g a prime number?
False
Suppose 8*b = 9*b - 3*m - 8596, -5*m + 34299 = 4*b. Is b a composite number?
False
Let k = 40 + -36. Suppose k*s - 1533 = 3*s + 2*g, 0 = -5*s - 3*g + 7691. Is s prime?
False
Let d(u) = -u**3 + 2*u**2 - 2*u + 2. Let m be d(-6). Let f = m - 212. Suppose -5*v + 235 = -f. Is v composite?
True
Suppose 4*b = x - 1792, -5*b = 3*x + 2*x + 2240. Is (9/(-6) + 1)*(2 + b) prime?
True
Suppose -26*p = -21*p - 4*v - 32537, 5*v = p - 6499. Is p a composite number?
True
Suppose -6*s + 2646 = -5*s + 3*n, 0 = 2*s - 3*n - 5283. Is s prime?
False
Let y = 5050 + 8913. Is y prime?
True
Let q(a) = 4*a**2 - 84*a - 64. Let z(h) = -h**2 + 21*h + 16. Let y(w) = 2*q(w) + 9*z(w). Let b be (-25)/2*(-6)/5. Is y(b) a composite number?
True
Suppose n - 1794 = 3*s, 5*n - 5*s - 5759 = 3171. Suppose c = q - n, -7134 = -7*q + 3*q - 2*c. Is q a composite number?
False
Suppose -10456*n + 10457*n - 50027 = 0. Is n a composite number?
True
Suppose -284*o = -275*o - 229626. Is o composite?
True
Let q(t) = -2*t - 12. Let c be q(-8). Suppose 7*o = 5*o + c. Suppose -4*s - o*l = 14 - 662, s = -2*l + 159. Is s a composite number?
False
Let r(c) = c**2 + c + 1090. Let f be r(0). Suppose -2*i + 4*i = f. Is i a prime number?
False
Is (2/(-4))/(3/(-133134)) a prime number?
True
Suppose -8 + 2 = -2*d. Suppose 3*h = q + d*q - 89, -5*h = -25. Is 39/q + 830/4 a composite number?
True
Let s(n) = n**3 + 8*n**2 - 7*n + 18. Let y be s(-9). Is (-21122)/(-14) + (y - 10/(-35)) a composite number?
True
Let t be (-1)/(-5)*(-3 - -3068). Let s = t + -308. Is s a composite number?
True
Suppose 3*k = 7 - 1. Let w be 1791*(k - 1) - -4. Suppose 6*z = z + w. Is z a composite number?
False
Suppose 5 = -3*l + v + 14, -2*l - v = -1. Let b(r) = 122*r + 44. Let i be b(-12). Is i/(-3 - 1) - l a composite number?
False
Let q(j) = -123*j. Let u be q(1). Let m be -335 + 4*(-3)/(-12). Let b = u - m. Is b a composite number?
False
Let h(r) = -r**2 + 5*r. Let g be h(5). Let u(z) be the third derivative of -z**5/60 + 13*z**3/6 - 8*z**2. Is u(g) a prime number?
True
Suppose -5*a - 39 = 376. Let t = a - -126. Is t prime?
True
Suppose -i = -w - 0*i + 1, -2*i + 8 = 0. Is 109 + w/(5/2) composite?
True
Let w(m) = 900*m**2 + 6*m - 7. Suppose 8*t - 20*t = -12. Is w(t) a composite number?
True
Suppose -585*z - 1576 = -577*z. Let y(w) = 347*w - 1. Let i be y(1). Let l = z + i. Is l a prime number?
True
Suppose -477*m - 57118 = -479*m. Is m prime?
True
Suppose -2*f + 989 = -199. Suppose 8*x = -170 + f. Is x prime?
True
Suppose -4*g - g - 15 = -5*v, 2*v - 6 = -5*g. Suppose g*j - 1173 = -2*j + h, -j = h - 591. Let w = 875 - j. Is w composite?
True
Suppose h + h + 7 = -5*r, -r + 13 = 4*h. Let i(z) = 105*z**3 - 106*z**3 - h*z - 14 + 2. Is i(-5) a composite number?
True
Let m = 2 - 2. Suppose m = 10*z - 3*z - 161. Is z a composite number?
False
Suppose -2*a + 4 = -a. Suppose -n + 1032 = 2*l, -2*l - a*n + 2068 = 2*l. Is l a prime number?
False
Is (1664*32 - -7)/5 prime?
True
Suppose -5*s + 22 = 4*g, -4*s + 34 = -9*g + 4*g. Suppose s*f - 2*f + 4*w - 5516 = 0, 0 = -f - 3*w + 1379. Is f composite?
True
Suppose -6 = -5*s + 9. Suppose p + 1180 = s*n, -720 = -2*n - 4*p + 90. Is n a prime number?
False
Suppose l + 9 = -6. Is ((-3)/l)/((-3)/(-1545)) a composite number?
False
Let u = -4825 - -2985. Let t = -647 - u. Is t a composite number?
False
Suppose 1546 = -3*n - 842. Let l be n/10 + 18/(-45). Is 2/10 + (-4224)/l composite?
False
Let a = 15204 - 7571. Is a prime?
False
Let r = 7049 + -3218. Is r prime?
False
Let p = 0 - 3. Let m = p + -1. Is 2/m*-2 - -300 a composite number?
True
Let p(v) = -7*v + 13. Let i be p(-9). Suppose -2*r + 4*r + 3*m = 58, -4*r = -4*m - i. Is r prime?
True
Suppose 5*z = 2*w + z + 476, 0 = -2*w + 5*z - 480. Let v = w + 82. Let b = v - -217. Is b composite?
True
Is (564/(-16))/((-15)/4540) prime?
False
Suppose -6*x = -x - 15. Suppose h = -2*h - x. Is h/(-4) + (-13635)/(-36) a prime number?
True
Let i(v) = -4547*v - 69. Let f(m) = 2274*m + 35. Let k(h) = -11*f(h) - 6*i(h). Is k(3) composite?
False
Suppose -12*p - 29420 = -16*p. Suppose -50*j - p = -55*j. Is j a prime number?
True
Is (((-200)/35)/(-10))/((-4)/(-56098)) prime?
False
Let z(h) = 